{"id":8,"date":"2018-06-07T18:07:06","date_gmt":"2018-06-07T18:07:06","guid":{"rendered":"https:\/\/proxta.com\/tassunjalki\/?page_id=8"},"modified":"2023-03-14T13:23:45","modified_gmt":"2023-03-14T13:23:45","slug":"etusivu","status":"publish","type":"page","link":"https:\/\/proxta.com\/tassunjalki\/","title":{"rendered":"HONKARANNAN TASSUNJ\u00c4LKI"},"content":{"rendered":"<p>___________________________________________________________________<\/p>\n<p><em><strong>TERVETULOA HONKARANNAN TASSUNJ\u00c4LJEN SIVUILLE !<br \/>\n<\/strong><\/em><\/p>\n<p><strong>KAIKKI YHTEYDENOTOT MEILLE VAIN PUHELIMITSE SOITTAEN, TEKSTIVIESTITSE TAI WHATSAPPILLA.\u00a0 KIITOS!\u00a0 <\/strong><\/p>\n<p><strong>PUH. 040 1262750<br \/>\n<\/strong><\/p>\n<p><strong>HINNASTOMME L\u00d6YTYY SIVUN ALAOSASTA<\/strong><\/p>\n<p><strong>Katso my\u00f6s\u00a0 <a href=\"http:\/\/facebook.com\/tassunjalki\">facebook.com\/tassunjalki<\/a><\/strong><\/p>\n<p><img loading=\"lazy\" decoding=\"async\" class=\"alignnone size-medium wp-image-63\" src=\"https:\/\/proxta.com\/tassunjalki\/wp-content\/uploads\/2018\/06\/IMG_4246-300x200.jpg\" alt=\"\" width=\"300\" height=\"200\" srcset=\"https:\/\/proxta.com\/tassunjalki\/wp-content\/uploads\/2018\/06\/IMG_4246-300x200.jpg 300w, https:\/\/proxta.com\/tassunjalki\/wp-content\/uploads\/2018\/06\/IMG_4246-768x513.jpg 768w, https:\/\/proxta.com\/tassunjalki\/wp-content\/uploads\/2018\/06\/IMG_4246-1024x684.jpg 1024w\" sizes=\"auto, (max-width: 300px) 100vw, 300px\" \/><\/p>\n<p>___________________________________________________________________<\/p>\n<p><strong>HONKARANNAN TASSUNJ\u00c4LKI<\/strong><\/p>\n<p><strong>Yksil\u00f6llist\u00e4 lemmiel\u00e4inten hoitoa maaseudun rauhassa.<\/strong><\/p>\n<p>Lemmikkiel\u00e4inhoitola Honkarannan Tassunj\u00e4lki sijaitsee Keski-Suomessa Laukaassa Laukkavirralla. T\u00e4ll\u00e4 hetkell\u00e4 olemme p\u00e4\u00e4asiassa koirahoitola, mutta koirien \u00e4\u00e4nt\u00e4 pelk\u00e4\u00e4m\u00e4tt\u00f6m\u00e4t kissat ovat my\u00f6s tervetulleita. Otamme my\u00f6s jyrsij\u00e4t hoitoon.<\/p>\n<p>El\u00e4inhoitolatilat on valvontael\u00e4inl\u00e4\u00e4k\u00e4rin tarkastamat ja hyv\u00e4ksym\u00e4t. Tarkastus uusitaan vuosittain.<\/p>\n<p>El\u00e4inhoitolan k\u00e4ytt\u00f6\u00f6n remontoidussa navettarakennuksessa sijaisevat lattial\u00e4mmityksell\u00e4, ilmastoinnilla ja radiolla varustetut hoitolatilat. Tilassa on 11 eri kokoista yksi\u00f6t\u00e4. Tilat on rakennettu elementeist\u00e4 joten yksi\u00f6n kokoa voidaan muunnella tarpeen mukaan suuremmaksi riippuen hoitoon tulevan el\u00e4imen koosta ja m\u00e4\u00e4r\u00e4st\u00e4. Joissakin yksi\u00f6iss\u00e4 p\u00e4\u00e4see seuraamaan ikkunoista ulos. Yleisen rauhan vuoksi vieruskaveria ei n\u00e4e ja k\u00e4yt\u00e4v\u00e4lle saa tarvittaessa n\u00e4k\u00f6esteen.<\/p>\n<p>Kaikkia koiria kuljetetaan hihnassa ulos joko tarhaan ulkoilemaan tai hihnalenkille.<\/p>\n<p>T\u00e4st\u00e4 syyst\u00e4 EMME OTA HOITOON IHMISI\u00c4 KOHTAAN AGRESSIIVISESTI K\u00c4YTT\u00c4YTYVI\u00c4 KOIRIA !Z<\/p>\n<p>Tiloja laajennetaan ja aidattuja ulkoilutustiloja rakennetaan tarpeiden mukaan.<\/p>\n<p>Kes\u00e4ll\u00e4 koirilla on my\u00f6s uintimahdollisuus.<\/p>\n<p>Hoitolasta saa my\u00f6s apua koirankoulutukseen.<\/p>\n<p>Hoitajana toimiva Hanne Tarvainen on toiminut \u00c4\u00e4nekoskella Ala-Keiteleen kennelkerhon tottelevaisuuskouluttajana n. 15 vuotta vet\u00e4en viikkokoulutuksia ja kursseja.<\/p>\n<p>Maatalosta kotoisin olevana l\u00f6ytyy kokemusta kaikenlaisista el\u00e4imist\u00e4 yli 35 vuoden ajalta.<\/p>\n<p>Tutuksi on tullut lehmien, hevosten, lampaiden, kanojen, kanien, kissojen ja koirien hoitaminen.<\/p>\n<p>Omia koiria on ollut yli 20 vuotta, jotka ovat olleet p\u00e4\u00e4asiassa saksanpaimenkoiria ja collieita. T\u00e4ll\u00e4 hetkell\u00e4 koirina tsekinpaimenkoiria. My\u00f6s kissat ja jyrsij\u00e4t mm. kanit, chinchillat, hiiret ja gerbiilit ovat kuuluneet omiin lemmikkeihin<\/p>\n<p><img loading=\"lazy\" decoding=\"async\" class=\"alignnone size-medium wp-image-62\" src=\"https:\/\/proxta.com\/tassunjalki\/wp-content\/uploads\/2018\/06\/auringonlasku-300x129.jpg\" alt=\"\" width=\"300\" height=\"129\" srcset=\"https:\/\/proxta.com\/tassunjalki\/wp-content\/uploads\/2018\/06\/auringonlasku-300x129.jpg 300w, https:\/\/proxta.com\/tassunjalki\/wp-content\/uploads\/2018\/06\/auringonlasku-768x330.jpg 768w, https:\/\/proxta.com\/tassunjalki\/wp-content\/uploads\/2018\/06\/auringonlasku-1024x440.jpg 1024w, https:\/\/proxta.com\/tassunjalki\/wp-content\/uploads\/2018\/06\/auringonlasku.jpg 1280w\" sizes=\"auto, (max-width: 300px) 100vw, 300px\" \/><\/p>\n<hr \/>\n<div class=\"page\" title=\"Page 1\">\n<div class=\"section\">\n<div class=\"layoutArea\">\n<div class=\"column\">\n<p><strong>HINNASTO (sis. alv. 24%)<\/strong><\/p>\n<p><strong>Koira 30\u20ac \/ pv<\/strong> (my\u00f6s tuonti- ja hakup\u00e4iv\u00e4 lasketaan hoitop\u00e4iv\u00e4ksi). Yli 7pv hoitojaksoista ja useamman koiran hoidosta sovitaan hinta erikseen.<\/p>\n<p>Hoitoon kuluu ruokinnat joko hoitolan ruualla tai omalla ruualla (HUOM ! Hoitohinta silti sama), ulkoilut 3-4 krt p\u00e4iv\u00e4 joko hihnassa tai ulkoilutarhassa (s\u00e4\u00e4varauksella), p\u00e4ivitt\u00e4inen hoitopaikan siivous ja seurustelua el\u00e4imen kanssa.<\/p>\n<p><strong>Kissa 18\u20ac \/ pv<\/strong> (my\u00f6s tuonti- ja hakup\u00e4iv\u00e4 lasketaan hoitop\u00e4iv\u00e4ksi)<\/p>\n<p>Yli 7pv hoitojaksoista ja useamman kissan hoidosta sovitaan hinta erikseen.<\/p>\n<p>Hoitoon kuuluu ruokinnat joko hoitolan ruualla tai omalla ruualla (HUOM ! Hoitohinta silti sama),<\/p>\n<p>kissavessan hiekat tai pelletti\u00e4. Hoitolassa on kissavessoja, mutta jos kissa on tarkka omasta vessasta, kotoa kannattaa ottaa omalla hajulla varustettu mukaan.<\/p>\n<p><strong>Kani 16\u20ac \/ pv<\/strong> (my\u00f6s tuonti- ja hakup\u00e4iv\u00e4 lasketaan hoitop\u00e4iv\u00e4ksi)<\/p>\n<p>Yli 7pv hoitojaksoista ja useamman kanin hoidosta sovitaan hinta erikseen.<\/p>\n<p>Kaneille hoitolasta lo\u0308ytyy perusruokaa, kuivahein\u00e4\u00e4 ja tuoreruokaa (esim. salaattia ja porkkanaa) seka\u0308 myo\u0308s purut ja pelletit. Erikoisruuat tuodaan lemmikin mukana.<\/p>\n<\/div>\n<\/div>\n<div class=\"layoutArea\">\n<div class=\"column\">\n<p>Hoitolassamme maksat lemmikin hoidosta etk\u00e4 tilavuokrasta.<\/p>\n<div class=\"page\" title=\"Page 2\">\n<div class=\"section\">\n<div class=\"layoutArea\">\n<div class=\"column\">\n<p>El\u00e4imet eiv\u00e4t ole koneita eik\u00e4 niit\u00e4 voi hoitaa liukuhihnalla.<\/p>\n<\/div>\n<\/div>\n<div class=\"layoutArea\">\n<div class=\"column\">\n<p>Vaikka perheest\u00e4 tulisi useampi lemmikki silti jokainen tarvitsee yksil\u00f6llisen hoidon (ruokinnat, lenkitykset jne.).<\/p>\n<p>Ja vaikka el\u00e4imet olisivat kavereita, riitoja saattaa yll\u00e4tt\u00e4en tulla ja silloin tarvitaan erillisi\u00e4 tiloja. TA\u0308LL\u00c4 HETKELL\u00c4 MAKSUTAPANA K\u00c4TEISMAKSU TAI ENNAKKOTILISIIRTO.<\/p>\n<p><strong>KAIKKI YHTEYDENOTOT MEILLE VAIN PUHELIMITSE SOITTAEN, TEKSTIVIESTITSE TAI WHATSAPPILLA.\u00a0 KIITOS!\u00a0<\/strong><\/p>\n<p><strong>PUH. 040 1262750<\/strong><\/p>\n<p><img loading=\"lazy\" decoding=\"async\" class=\"alignnone size-medium wp-image-64\" src=\"https:\/\/proxta.com\/tassunjalki\/wp-content\/uploads\/2018\/06\/IMG_2498-e1528477378665-200x300.jpg\" alt=\"\" width=\"200\" height=\"300\" srcset=\"https:\/\/proxta.com\/tassunjalki\/wp-content\/uploads\/2018\/06\/IMG_2498-e1528477378665-200x300.jpg 200w, https:\/\/proxta.com\/tassunjalki\/wp-content\/uploads\/2018\/06\/IMG_2498-e1528477378665-768x1150.jpg 768w, https:\/\/proxta.com\/tassunjalki\/wp-content\/uploads\/2018\/06\/IMG_2498-e1528477378665-684x1024.jpg 684w, https:\/\/proxta.com\/tassunjalki\/wp-content\/uploads\/2018\/06\/IMG_2498-e1528477378665.jpg 1880w\" sizes=\"auto, (max-width: 200px) 100vw, 200px\" \/><img loading=\"lazy\" decoding=\"async\" class=\"alignnone size-medium wp-image-65\" src=\"https:\/\/proxta.com\/tassunjalki\/wp-content\/uploads\/2018\/06\/IMG_4234-e1528477398672-200x300.jpg\" alt=\"\" width=\"200\" height=\"300\" srcset=\"https:\/\/proxta.com\/tassunjalki\/wp-content\/uploads\/2018\/06\/IMG_4234-e1528477398672-200x300.jpg 200w, https:\/\/proxta.com\/tassunjalki\/wp-content\/uploads\/2018\/06\/IMG_4234-e1528477398672-768x1150.jpg 768w, https:\/\/proxta.com\/tassunjalki\/wp-content\/uploads\/2018\/06\/IMG_4234-e1528477398672-684x1024.jpg 684w, https:\/\/proxta.com\/tassunjalki\/wp-content\/uploads\/2018\/06\/IMG_4234-e1528477398672.jpg 1880w\" sizes=\"auto, (max-width: 200px) 100vw, 200px\" \/><\/p>\n<\/div>\n<\/div>\n<\/div>\n<\/div>\n<\/div>\n<\/div>\n<\/div>\n<\/div>\n","protected":false},"excerpt":{"rendered":"<p>___________________________________________________________________ TERVETULOA HONKARANNAN TASSUNJ\u00c4LJEN SIVUILLE ! KAIKKI YHTEYDENOTOT MEILLE VAIN PUHELIMITSE SOITTAEN, TEKSTIVIESTITSE TAI WHATSAPPILLA.\u00a0 KIITOS!\u00a0 PUH. 040 1262750 HINNASTOMME L\u00d6YTYY SIVUN ALAOSASTA Katso my\u00f6s\u00a0 facebook.com\/tassunjalki ___________________________________________________________________ HONKARANNAN TASSUNJ\u00c4LKI Yksil\u00f6llist\u00e4 lemmiel\u00e4inten hoitoa maaseudun rauhassa. Lemmikkiel\u00e4inhoitola Honkarannan Tassunj\u00e4lki sijaitsee Keski-Suomessa Laukaassa Laukkavirralla. T\u00e4ll\u00e4 hetkell\u00e4 olemme p\u00e4\u00e4asiassa koirahoitola, mutta koirien \u00e4\u00e4nt\u00e4 pelk\u00e4\u00e4m\u00e4tt\u00f6m\u00e4t kissat ovat my\u00f6s tervetulleita. Otamme &hellip; <\/p>\n<p class=\"link-more\"><a href=\"https:\/\/proxta.com\/tassunjalki\/\" class=\"more-link\">Jatka lukemista<span class=\"screen-reader-text\"> &#8221;HONKARANNAN TASSUNJ\u00c4LKI&#8221;<\/span><\/a><\/p>\n","protected":false},"author":1,"featured_media":0,"parent":0,"menu_order":0,"comment_status":"closed","ping_status":"closed","template":"","meta":{"footnotes":""},"class_list":["post-8","page","type-page","status-publish","hentry"],"_links":{"self":[{"href":"https:\/\/proxta.com\/tassunjalki\/wp-json\/wp\/v2\/pages\/8","targetHints":{"allow":["GET"]}}],"collection":[{"href":"https:\/\/proxta.com\/tassunjalki\/wp-json\/wp\/v2\/pages"}],"about":[{"href":"https:\/\/proxta.com\/tassunjalki\/wp-json\/wp\/v2\/types\/page"}],"author":[{"embeddable":true,"href":"https:\/\/proxta.com\/tassunjalki\/wp-json\/wp\/v2\/users\/1"}],"replies":[{"embeddable":true,"href":"https:\/\/proxta.com\/tassunjalki\/wp-json\/wp\/v2\/comments?post=8"}],"version-history":[{"count":35,"href":"https:\/\/proxta.com\/tassunjalki\/wp-json\/wp\/v2\/pages\/8\/revisions"}],"predecessor-version":[{"id":87,"href":"https:\/\/proxta.com\/tassunjalki\/wp-json\/wp\/v2\/pages\/8\/revisions\/87"}],"wp:attachment":[{"href":"https:\/\/proxta.com\/tassunjalki\/wp-json\/wp\/v2\/media?parent=8"}],"curies":[{"name":"wp","href":"https:\/\/api.w.org\/{rel}","templated":true}]}}